[INFO] cloning repository https://github.com/LucianoBestia/rust_wasm_router
[INFO] running `Command { std: "git" "-c" "credential.helper=" "-c" "credential.helper=/workspace/cargo-home/bin/git-credential-null" "clone" "--bare" "https://github.com/LucianoBestia/rust_wasm_router" "/workspace/cache/git-repos/https%3A%2F%2Fgithub.com%2FLucianoBestia%2Frust_wasm_router", kill_on_drop: false }`
[INFO] [stderr] Cloning into bare repository '/workspace/cache/git-repos/https%3A%2F%2Fgithub.com%2FLucianoBestia%2Frust_wasm_router'...
[INFO] running `Command { std: "git" "rev-parse" "HEAD", kill_on_drop: false }`
[INFO] [stdout] 6944509cb0655cd6b5e9c7403db769f4db4a4972
[INFO] checking LucianoBestia/rust_wasm_router against try#72f88fc4e9458f89516a0b8b0868f3718aec5b47 for pr-74989
[INFO] running `Command { std: "git" "clone" "/workspace/cache/git-repos/https%3A%2F%2Fgithub.com%2FLucianoBestia%2Frust_wasm_router" "/workspace/builds/worker-6/source", kill_on_drop: false }`
[INFO] [stderr] Cloning into '/workspace/builds/worker-6/source'...
[INFO] [stderr] done.
[INFO] validating manifest of git repo https://github.com/LucianoBestia/rust_wasm_router on toolchain 72f88fc4e9458f89516a0b8b0868f3718aec5b47
[INFO] running `Command { std: "/workspace/cargo-home/bin/cargo" "+72f88fc4e9458f89516a0b8b0868f3718aec5b47" "read-manifest" "--manifest-path" "Cargo.toml", kill_on_drop: false }`
[INFO] started tweaking git repo https://github.com/LucianoBestia/rust_wasm_router
[INFO] finished tweaking git repo https://github.com/LucianoBestia/rust_wasm_router
[INFO] tweaked toml for git repo https://github.com/LucianoBestia/rust_wasm_router written to /workspace/builds/worker-6/source/Cargo.toml
[INFO] running `Command { std: "/workspace/cargo-home/bin/cargo" "+72f88fc4e9458f89516a0b8b0868f3718aec5b47" "generate-lockfile" "--manifest-path" "Cargo.toml" "-Zno-index-update", kill_on_drop: false }`
[INFO] running `Command { std: "/workspace/cargo-home/bin/cargo" "+72f88fc4e9458f89516a0b8b0868f3718aec5b47" "fetch" "--locked" "--manifest-path" "Cargo.toml", kill_on_drop: false }`
[INFO] [stderr]     Blocking waiting for file lock on package cache
[INFO] [stderr]  Downloading crates ...
[INFO] [stderr]   Downloaded longest-increasing-subsequence v0.1.0
[INFO] [stderr]   Downloaded rust_wasm_websys_utils v0.4.3
[INFO] [stderr]   Downloaded dodrio v0.2.0
[INFO] running `Command { std: "docker" "create" "-v" "/var/lib/crater-agent-workspace/builds/worker-6/target:/opt/rustwide/target:rw,Z" "-v" "/var/lib/crater-agent-workspace/builds/worker-6/source:/opt/rustwide/workdir:ro,Z" "-v" "/var/lib/crater-agent-workspace/cargo-home:/opt/rustwide/cargo-home:ro,Z" "-v" "/var/lib/crater-agent-workspace/rustup-home:/opt/rustwide/rustup-home:ro,Z" "-e" "SOURCE_DIR=/opt/rustwide/workdir" "-e" "CARGO_TARGET_DIR=/opt/rustwide/target" "-e" "CARGO_HOME=/opt/rustwide/cargo-home" "-e" "RUSTUP_HOME=/opt/rustwide/rustup-home" "-w" "/opt/rustwide/workdir" "-m" "1610612736" "--user" "0:0" "--network" "none" "rustops/crates-build-env@sha256:d92eaeed33fa75130ca1ee6c8a01d1ffb62bac859dfdfb3450e3e5d1c0146529" "/opt/rustwide/cargo-home/bin/cargo" "+72f88fc4e9458f89516a0b8b0868f3718aec5b47" "metadata" "--no-deps" "--format-version=1", kill_on_drop: false }`
[INFO] [stdout] a129fc3658ba1e09358d76641abf96b49759403073057a662eba8d7e53275d7b
[INFO] [stderr] WARNING: Your kernel does not support swap limit capabilities or the cgroup is not mounted. Memory limited without swap.
[INFO] running `Command { std: "docker" "start" "-a" "a129fc3658ba1e09358d76641abf96b49759403073057a662eba8d7e53275d7b", kill_on_drop: false }`
[INFO] running `Command { std: "docker" "inspect" "a129fc3658ba1e09358d76641abf96b49759403073057a662eba8d7e53275d7b", kill_on_drop: false }`
[INFO] running `Command { std: "docker" "rm" "-f" "a129fc3658ba1e09358d76641abf96b49759403073057a662eba8d7e53275d7b", kill_on_drop: false }`
[INFO] [stdout] a129fc3658ba1e09358d76641abf96b49759403073057a662eba8d7e53275d7b
[INFO] running `Command { std: "docker" "create" "-v" "/var/lib/crater-agent-workspace/builds/worker-6/target:/opt/rustwide/target:rw,Z" "-v" "/var/lib/crater-agent-workspace/builds/worker-6/source:/opt/rustwide/workdir:ro,Z" "-v" "/var/lib/crater-agent-workspace/cargo-home:/opt/rustwide/cargo-home:ro,Z" "-v" "/var/lib/crater-agent-workspace/rustup-home:/opt/rustwide/rustup-home:ro,Z" "-e" "SOURCE_DIR=/opt/rustwide/workdir" "-e" "CARGO_TARGET_DIR=/opt/rustwide/target" "-e" "CARGO_INCREMENTAL=0" "-e" "RUST_BACKTRACE=full" "-e" "RUSTFLAGS=--cap-lints=forbid" "-e" "CARGO_HOME=/opt/rustwide/cargo-home" "-e" "RUSTUP_HOME=/opt/rustwide/rustup-home" "-w" "/opt/rustwide/workdir" "-m" "1610612736" "--user" "0:0" "--network" "none" "rustops/crates-build-env@sha256:d92eaeed33fa75130ca1ee6c8a01d1ffb62bac859dfdfb3450e3e5d1c0146529" "/opt/rustwide/cargo-home/bin/cargo" "+72f88fc4e9458f89516a0b8b0868f3718aec5b47" "check" "--frozen" "--all" "--all-targets" "--message-format=json", kill_on_drop: false }`
[INFO] [stderr] WARNING: Your kernel does not support swap limit capabilities or the cgroup is not mounted. Memory limited without swap.
[INFO] [stdout] dd2037876be2554793f55d819a5ab2ea7567e834f15fb08704c51d8e9dc86cf2
[INFO] running `Command { std: "docker" "start" "-a" "dd2037876be2554793f55d819a5ab2ea7567e834f15fb08704c51d8e9dc86cf2", kill_on_drop: false }`
[INFO] [stderr]    Compiling proc-macro2 v1.0.21
[INFO] [stderr]    Compiling unicode-xid v0.2.1
[INFO] [stderr]    Compiling log v0.4.11
[INFO] [stderr]    Compiling wasm-bindgen-shared v0.2.68
[INFO] [stderr]    Compiling serde v1.0.116
[INFO] [stderr]    Compiling bumpalo v3.4.0
[INFO] [stderr]    Compiling serde_json v1.0.57
[INFO] [stderr]    Compiling wasm-bindgen v0.2.68
[INFO] [stderr]    Compiling libc v0.2.77
[INFO] [stderr]    Compiling getrandom v0.1.15
[INFO] [stderr]    Compiling byteorder v1.3.4
[INFO] [stderr]     Checking ppv-lite86 v0.2.9
[INFO] [stderr]     Checking unwrap v1.2.1
[INFO] [stderr]     Checking longest-increasing-subsequence v0.1.0
[INFO] [stderr]     Checking bumpalo v2.6.0
[INFO] [stderr]     Checking scoped-tls v1.0.0
[INFO] [stderr]    Compiling syn v1.0.40
[INFO] [stderr]     Checking fxhash v0.2.1
[INFO] [stderr]    Compiling quote v1.0.7
[INFO] [stderr]     Checking rand_core v0.5.1
[INFO] [stderr]    Compiling wasm-bindgen-test-macro v0.3.18
[INFO] [stderr]     Checking rand_chacha v0.2.2
[INFO] [stderr]     Checking rand_pcg v0.2.1
[INFO] [stderr]     Checking rand v0.7.3
[INFO] [stderr]    Compiling wasm-bindgen-backend v0.2.68
[INFO] [stderr]    Compiling wasm-bindgen-macro-support v0.2.68
[INFO] [stderr]    Compiling wasm-bindgen-macro v0.2.68
[INFO] [stderr]     Checking js-sys v0.3.45
[INFO] [stderr]     Checking console_error_panic_hook v0.1.6
[INFO] [stderr]     Checking wasm-bindgen-futures v0.4.18
[INFO] [stderr]     Checking web-sys v0.3.45
[INFO] [stderr]     Checking wasm-bindgen-test v0.3.18
[INFO] [stderr]     Checking dodrio v0.2.0
[INFO] [stderr]     Checking rust_wasm_websys_utils v0.4.3
[INFO] [stderr]     Checking rust_wasm_dodrio_router v0.4.6 (/opt/rustwide/workdir)
[INFO] [stdout] error[E0308]: mismatched types
[INFO] [stdout]    --> src/router_mod.rs:60:77
[INFO] [stdout]     |
[INFO] [stdout] 22  | / pub trait RouterTrait {
[INFO] [stdout] 23  | |     // region: fields get/set methods to be implemented for specific project
[INFO] [stdout] 24  | |     fn get_location_hash(&self) -> &str;
[INFO] [stdout] 25  | |     fn get_file_name_to_fetch_from_dodrio(&self) -> &str;
[INFO] [stdout] ...   |
[INFO] [stdout] 60  | |                                 if Self::get_file_name_to_fetch_from_dodrio(root) != location_hash {
[INFO] [stdout]     | |                                                                             ^^^^ expected type parameter `Self`, found trait object `dyn RootRender`
[INFO] [stdout] ...   |
[INFO] [stdout] 123 | |     // endregion: associated function
[INFO] [stdout] 124 | | }
[INFO] [stdout]     | |_- this type parameter
[INFO] [stdout]     |
[INFO] [stdout]     = note:      expected reference `&Self`
[INFO] [stdout]             found mutable reference `&mut (dyn RootRender + 'static)`
[INFO] [stdout]     = help: type parameters must be constrained to match other types
[INFO] [stdout]     = note: for more information, visit https://doc.rust-lang.org/book/ch10-02-traits.html#traits-as-parameters
[INFO] [stdout] 
[INFO] [stdout] 
[INFO] [stdout] error[E0061]: this function takes 4 arguments but 3 arguments were supplied
[INFO] [stdout]   --> src/router_mod.rs:62:47
[INFO] [stdout]    |
[INFO] [stdout] 26 | /     fn set_file_name_to_fetch_from_dodrio(
[INFO] [stdout] 27 | |         &mut self,
[INFO] [stdout] 28 | |         file_name_to_fetch: String,
[INFO] [stdout] 29 | |         root: &mut dyn dodrio::RootRender,
[INFO] [stdout] 30 | |         vdom: VdomWeak,
[INFO] [stdout] 31 | |     ) -> String;
[INFO] [stdout]    | |________________- defined here
[INFO] [stdout] ...
[INFO] [stdout] 62 |                                       let url = Self::set_file_name_to_fetch_from_dodrio(
[INFO] [stdout]    |                                                 ^^^^^^^^^^^^^^^^^^^^^^^^^^^^^^^^^^^^^^^^ expected 4 arguments
[INFO] [stdout] 63 |                                           location_hash,
[INFO] [stdout]    |                                           -------------
[INFO] [stdout] 64 |                                           root,
[INFO] [stdout]    |                                           ----
[INFO] [stdout] 65 |                                           vdom.clone(),
[INFO] [stdout]    |                                           ------------ supplied 3 arguments
[INFO] [stdout] 
[INFO] [stdout] 
[INFO] [stdout] error: aborting due to 2 previous errors
[INFO] [stdout] 
[INFO] [stdout] 
[INFO] [stdout] Some errors have detailed explanations: E0061, E0308.
[INFO] [stdout] 
[INFO] [stdout] For more information about an error, try `rustc --explain E0061`.
[INFO] [stdout] 
[INFO] [stderr] error: could not compile `rust_wasm_dodrio_router`.
[INFO] [stderr] 
[INFO] [stderr] To learn more, run the command again with --verbose.
[INFO] [stderr] warning: build failed, waiting for other jobs to finish...
[INFO] [stdout] error[E0308]: mismatched types
[INFO] [stdout]    --> src/router_mod.rs:60:77
[INFO] [stdout]     |
[INFO] [stdout] 22  | / pub trait RouterTrait {
[INFO] [stdout] 23  | |     // region: fields get/set methods to be implemented for specific project
[INFO] [stdout] 24  | |     fn get_location_hash(&self) -> &str;
[INFO] [stdout] 25  | |     fn get_file_name_to_fetch_from_dodrio(&self) -> &str;
[INFO] [stdout] ...   |
[INFO] [stdout] 60  | |                                 if Self::get_file_name_to_fetch_from_dodrio(root) != location_hash {
[INFO] [stdout]     | |                                                                             ^^^^ expected type parameter `Self`, found trait object `dyn RootRender`
[INFO] [stdout] ...   |
[INFO] [stdout] 123 | |     // endregion: associated function
[INFO] [stdout] 124 | | }
[INFO] [stdout]     | |_- this type parameter
[INFO] [stdout]     |
[INFO] [stdout]     = note:      expected reference `&Self`
[INFO] [stdout]             found mutable reference `&mut (dyn RootRender + 'static)`
[INFO] [stdout]     = help: type parameters must be constrained to match other types
[INFO] [stdout]     = note: for more information, visit https://doc.rust-lang.org/book/ch10-02-traits.html#traits-as-parameters
[INFO] [stdout] 
[INFO] [stdout] 
[INFO] [stdout] error[E0061]: this function takes 4 arguments but 3 arguments were supplied
[INFO] [stdout]   --> src/router_mod.rs:62:47
[INFO] [stdout]    |
[INFO] [stdout] 26 | /     fn set_file_name_to_fetch_from_dodrio(
[INFO] [stdout] 27 | |         &mut self,
[INFO] [stdout] 28 | |         file_name_to_fetch: String,
[INFO] [stdout] 29 | |         root: &mut dyn dodrio::RootRender,
[INFO] [stdout] 30 | |         vdom: VdomWeak,
[INFO] [stdout] 31 | |     ) -> String;
[INFO] [stdout]    | |________________- defined here
[INFO] [stdout] ...
[INFO] [stdout] 62 |                                       let url = Self::set_file_name_to_fetch_from_dodrio(
[INFO] [stdout]    |                                                 ^^^^^^^^^^^^^^^^^^^^^^^^^^^^^^^^^^^^^^^^ expected 4 arguments
[INFO] [stdout] 63 |                                           location_hash,
[INFO] [stdout]    |                                           -------------
[INFO] [stdout] 64 |                                           root,
[INFO] [stdout]    |                                           ----
[INFO] [stdout] 65 |                                           vdom.clone(),
[INFO] [stdout]    |                                           ------------ supplied 3 arguments
[INFO] [stdout] 
[INFO] [stdout] 
[INFO] [stdout] error: aborting due to 2 previous errors
[INFO] [stdout] 
[INFO] [stdout] 
[INFO] [stdout] Some errors have detailed explanations: E0061, E0308.
[INFO] [stdout] 
[INFO] [stdout] For more information about an error, try `rustc --explain E0061`.
[INFO] [stdout] 
[INFO] [stderr] error: build failed
[INFO] running `Command { std: "docker" "inspect" "dd2037876be2554793f55d819a5ab2ea7567e834f15fb08704c51d8e9dc86cf2", kill_on_drop: false }`
[INFO] running `Command { std: "docker" "rm" "-f" "dd2037876be2554793f55d819a5ab2ea7567e834f15fb08704c51d8e9dc86cf2", kill_on_drop: false }`
[INFO] [stdout] dd2037876be2554793f55d819a5ab2ea7567e834f15fb08704c51d8e9dc86cf2
